{"id":1578,"date":"2014-03-28T10:59:49","date_gmt":"2014-03-28T10:59:49","guid":{"rendered":"http:\/\/localhost:8888\/downtown\/?page_id=7"},"modified":"2025-08-19T12:26:46","modified_gmt":"2025-08-19T16:26:46","slug":"home","status":"publish","type":"page","link":"https:\/\/www.carrefourdelauto.com\/","title":{"rendered":"Accueil"},"content":{"rendered":"<div id=\"concessionnaire\">\n<div class=\"mt-section default parallax-no mt-section-1578-1\" data-parallax-speed=\"0.2\" style=\"background-color:#444241;;padding-top:35px;padding-bottom:35px;\"><div class=\"container\"><div class=\"row\">\n<div class=\"col-md-6\"><div class=\"text-center\">\n<div class=\"bloc1\">\n<p><a href=\"http:\/\/www.volksnewrichmond.com\/\"><img loading=\"lazy\" decoding=\"async\" class=\"alignnone wp-image-1835 size-medium\" src=\"https:\/\/www.carrefourdelauto.com\/wp-content\/uploads\/2022\/03\/logo-volkswagen-new-richmond2022.png\" alt=\"\" width=\"300\" height=\"200\" \/><\/a><\/p>\n<h3><strong>Volkswagen New Richmond<\/strong><\/h3>\n<p><a href=\"http:\/\/www.volksnewrichmond.com\/\">Retombez en amour<br \/>\navec Volkswagen New Richmond.<\/a><\/p>\n<\/div>\n<div class=\"bloc-boutons\"><a class=\"button button1\" href=\"http:\/\/www.volksnewrichmond.com\/\">D\u00e9couvrez la famille Volkswagen<\/a><\/div>\n<\/div><\/div>\n<div class=\"col-md-6\"><div class=\"text-center\">\n<div class=\"bloc2\">\n<p><a href=\"http:\/\/www.kianewrichmond.com\/\"><img loading=\"lazy\" decoding=\"async\" class=\"alignnone size-medium wp-image-1837\" src=\"https:\/\/www.carrefourdelauto.com\/wp-content\/uploads\/2021\/06\/logo-kia-new-richmond.png\" alt=\"\" width=\"300\" height=\"200\" \/><\/a><\/p>\n<h3><strong>Kia de New Richmond<\/strong><\/h3>\n<p><a href=\"http:\/\/www.kianewrichmond.com\/\">Retrouvez le meilleur rapport qualit\u00e9-prix<br \/>\navec Kia de New Richmond.<\/a><\/p>\n<\/div>\n<div class=\"bloc-boutons\"><a class=\"button button1\" href=\"http:\/\/www.kianewrichmond.com\/\">D\u00e9couvrez la famille KIA<\/a><\/div>\n<\/div><\/div>\n<\/div>\n<\/div><\/div>\n<\/div>\n<div class=\"mt-section default parallax-no mt-section-1578-2\" data-parallax-speed=\"0.2\" style=\"background-color:#fff;border-top:1px solid #b7b7b7;border-bottom:1px solid #b7b7b7;padding-top:35px;padding-bottom:15px;\"><div class=\"container\">\n<div class=\"col-md-4\">\n<h2>Notre but est de vous donner la satisfaction d\u2019avoir fait le meilleur choix.<\/h2>\n<p>Confiance et authenticit\u00e9 faisant partie int\u00e9grante de nos valeurs, venez vivre une exp\u00e9rience d\u2019achat unique qui saura r\u00e9pondre \u00e0 vos besoins, \u00e0 vos go\u00fbts ainsi qu\u2019\u00e0 votre budget.<\/p>\n<p>Situ\u00e9 \u00e0 New Richmond, le Carrefour de l\u2019Auto se veut le seul concessionnaire officiel de Volkswagen sur la p\u00e9ninsule de la Gasp\u00e9sie et le seul concessionnaire officiel de Kia dans la Baie-des-Chaleurs.<br \/>\n<\/div>\n<div class=\"col-md-8\">\n<img loading=\"lazy\" decoding=\"async\" class=\"alignnone wp-image-1835 size-large\" src=\"https:\/\/www.carrefourdelauto.com\/wp-content\/uploads\/2021\/06\/satisfaction.jpg\" alt=\"\" width=\"900\" height=\"527\" \/><br \/>\n<\/div>\n<\/div><\/div>\n<div class=\"mt-section default parallax-no mt-section-1578-3\" data-parallax-speed=\"0.2\" style=\"background-color:#e94f2d;;padding-top:60px;padding-bottom:60px;\"><div class=\"container\">\n<div class=\"row\">\n<div class=\"col-md-12\">\n<div class=\"bloc3\">\n<h2>Recevez notre infolettre<\/h2>\n<h3>Pour obtenir en primeur les nouveaut\u00e9s<\/h3>\n<\/div>\n<div class=\"bloc-boutons\"><a class=\"button button2\" href=\"http:\/\/eepurl.com\/hlFrkb\" target=\"_blank\" rel=\"noopener noreferrer\">Je m&rsquo;inscris<\/a><\/div>\n<\/div>\n<\/div>\n<\/div><\/div>\n","protected":false},"excerpt":{"rendered":"","protected":false},"author":1,"featured_media":0,"parent":0,"menu_order":0,"comment_status":"open","ping_status":"open","template":"template-sections.php","meta":{"footnotes":""},"class_list":["post-1578","page","type-page","status-publish","hentry"],"yoast_head":"<!-- This site is optimized with the Yoast SEO plugin v25.7 - https:\/\/yoast.com\/wordpress\/plugins\/seo\/ -->\n<title>Accueil - Carrefour de l&#039;auto<\/title>\n<meta name=\"robots\" content=\"index, follow, max-snippet:-1, max-image-preview:large, max-video-preview:-1\" \/>\n<link rel=\"canonical\" href=\"https:\/\/www.carrefourdelauto.com\/\" \/>\n<meta property=\"og:locale\" content=\"fr_FR\" \/>\n<meta property=\"og:type\" content=\"article\" \/>\n<meta property=\"og:title\" content=\"Accueil - Carrefour de l&#039;auto\" \/>\n<meta property=\"og:url\" content=\"https:\/\/www.carrefourdelauto.com\/\" \/>\n<meta property=\"og:site_name\" content=\"Carrefour de l&#039;auto\" \/>\n<meta property=\"article:modified_time\" content=\"2025-08-19T16:26:46+00:00\" \/>\n<meta property=\"og:image\" content=\"https:\/\/www.carrefourdelauto.com\/wp-content\/uploads\/2014\/03\/logo-volkswagen-new-richmond.png\" \/>\n\t<meta property=\"og:image:width\" content=\"480\" \/>\n\t<meta property=\"og:image:height\" content=\"320\" \/>\n\t<meta property=\"og:image:type\" content=\"image\/png\" \/>\n<meta name=\"twitter:card\" content=\"summary_large_image\" \/>\n<meta name=\"twitter:label1\" content=\"Dur\u00e9e de lecture estim\u00e9e\" \/>\n\t<meta name=\"twitter:data1\" content=\"2 minutes\" \/>\n<script type=\"application\/ld+json\" class=\"yoast-schema-graph\">{\"@context\":\"https:\/\/schema.org\",\"@graph\":[{\"@type\":\"WebPage\",\"@id\":\"https:\/\/www.carrefourdelauto.com\/\",\"url\":\"https:\/\/www.carrefourdelauto.com\/\",\"name\":\"Accueil - Carrefour de l&#039;auto\",\"isPartOf\":{\"@id\":\"https:\/\/www.carrefourdelauto.com\/#website\"},\"primaryImageOfPage\":{\"@id\":\"https:\/\/www.carrefourdelauto.com\/#primaryimage\"},\"image\":{\"@id\":\"https:\/\/www.carrefourdelauto.com\/#primaryimage\"},\"thumbnailUrl\":\"https:\/\/www.carrefourdelauto.com\/wp-content\/uploads\/2022\/03\/logo-volkswagen-new-richmond2022.png\",\"datePublished\":\"2014-03-28T10:59:49+00:00\",\"dateModified\":\"2025-08-19T16:26:46+00:00\",\"breadcrumb\":{\"@id\":\"https:\/\/www.carrefourdelauto.com\/#breadcrumb\"},\"inLanguage\":\"fr-FR\",\"potentialAction\":[{\"@type\":\"ReadAction\",\"target\":[\"https:\/\/www.carrefourdelauto.com\/\"]}]},{\"@type\":\"ImageObject\",\"inLanguage\":\"fr-FR\",\"@id\":\"https:\/\/www.carrefourdelauto.com\/#primaryimage\",\"url\":\"https:\/\/www.carrefourdelauto.com\/wp-content\/uploads\/2022\/03\/logo-volkswagen-new-richmond2022.png\",\"contentUrl\":\"https:\/\/www.carrefourdelauto.com\/wp-content\/uploads\/2022\/03\/logo-volkswagen-new-richmond2022.png\",\"width\":480,\"height\":320},{\"@type\":\"BreadcrumbList\",\"@id\":\"https:\/\/www.carrefourdelauto.com\/#breadcrumb\",\"itemListElement\":[{\"@type\":\"ListItem\",\"position\":1,\"name\":\"Accueil\",\"item\":\"https:\/\/www.carrefourdelauto.com\/\"},{\"@type\":\"ListItem\",\"position\":2,\"name\":\"Accueil\"}]},{\"@type\":\"WebSite\",\"@id\":\"https:\/\/www.carrefourdelauto.com\/#website\",\"url\":\"https:\/\/www.carrefourdelauto.com\/\",\"name\":\"Carrefour de l&#039;auto\",\"description\":\"Volkswagen New Richmon et Kia de New Richmond\",\"potentialAction\":[{\"@type\":\"SearchAction\",\"target\":{\"@type\":\"EntryPoint\",\"urlTemplate\":\"https:\/\/www.carrefourdelauto.com\/?s={search_term_string}\"},\"query-input\":{\"@type\":\"PropertyValueSpecification\",\"valueRequired\":true,\"valueName\":\"search_term_string\"}}],\"inLanguage\":\"fr-FR\"}]}<\/script>\n<!-- \/ Yoast SEO plugin. -->","yoast_head_json":{"title":"Accueil - Carrefour de l&#039;auto","robots":{"index":"index","follow":"follow","max-snippet":"max-snippet:-1","max-image-preview":"max-image-preview:large","max-video-preview":"max-video-preview:-1"},"canonical":"https:\/\/www.carrefourdelauto.com\/","og_locale":"fr_FR","og_type":"article","og_title":"Accueil - Carrefour de l&#039;auto","og_url":"https:\/\/www.carrefourdelauto.com\/","og_site_name":"Carrefour de l&#039;auto","article_modified_time":"2025-08-19T16:26:46+00:00","og_image":[{"width":480,"height":320,"url":"https:\/\/www.carrefourdelauto.com\/wp-content\/uploads\/2014\/03\/logo-volkswagen-new-richmond.png","type":"image\/png"}],"twitter_card":"summary_large_image","twitter_misc":{"Dur\u00e9e de lecture estim\u00e9e":"2 minutes"},"schema":{"@context":"https:\/\/schema.org","@graph":[{"@type":"WebPage","@id":"https:\/\/www.carrefourdelauto.com\/","url":"https:\/\/www.carrefourdelauto.com\/","name":"Accueil - Carrefour de l&#039;auto","isPartOf":{"@id":"https:\/\/www.carrefourdelauto.com\/#website"},"primaryImageOfPage":{"@id":"https:\/\/www.carrefourdelauto.com\/#primaryimage"},"image":{"@id":"https:\/\/www.carrefourdelauto.com\/#primaryimage"},"thumbnailUrl":"https:\/\/www.carrefourdelauto.com\/wp-content\/uploads\/2022\/03\/logo-volkswagen-new-richmond2022.png","datePublished":"2014-03-28T10:59:49+00:00","dateModified":"2025-08-19T16:26:46+00:00","breadcrumb":{"@id":"https:\/\/www.carrefourdelauto.com\/#breadcrumb"},"inLanguage":"fr-FR","potentialAction":[{"@type":"ReadAction","target":["https:\/\/www.carrefourdelauto.com\/"]}]},{"@type":"ImageObject","inLanguage":"fr-FR","@id":"https:\/\/www.carrefourdelauto.com\/#primaryimage","url":"https:\/\/www.carrefourdelauto.com\/wp-content\/uploads\/2022\/03\/logo-volkswagen-new-richmond2022.png","contentUrl":"https:\/\/www.carrefourdelauto.com\/wp-content\/uploads\/2022\/03\/logo-volkswagen-new-richmond2022.png","width":480,"height":320},{"@type":"BreadcrumbList","@id":"https:\/\/www.carrefourdelauto.com\/#breadcrumb","itemListElement":[{"@type":"ListItem","position":1,"name":"Accueil","item":"https:\/\/www.carrefourdelauto.com\/"},{"@type":"ListItem","position":2,"name":"Accueil"}]},{"@type":"WebSite","@id":"https:\/\/www.carrefourdelauto.com\/#website","url":"https:\/\/www.carrefourdelauto.com\/","name":"Carrefour de l&#039;auto","description":"Volkswagen New Richmon et Kia de New Richmond","potentialAction":[{"@type":"SearchAction","target":{"@type":"EntryPoint","urlTemplate":"https:\/\/www.carrefourdelauto.com\/?s={search_term_string}"},"query-input":{"@type":"PropertyValueSpecification","valueRequired":true,"valueName":"search_term_string"}}],"inLanguage":"fr-FR"}]}},"_links":{"self":[{"href":"https:\/\/www.carrefourdelauto.com\/index.php\/wp-json\/wp\/v2\/pages\/1578","targetHints":{"allow":["GET"]}}],"collection":[{"href":"https:\/\/www.carrefourdelauto.com\/index.php\/wp-json\/wp\/v2\/pages"}],"about":[{"href":"https:\/\/www.carrefourdelauto.com\/index.php\/wp-json\/wp\/v2\/types\/page"}],"author":[{"embeddable":true,"href":"https:\/\/www.carrefourdelauto.com\/index.php\/wp-json\/wp\/v2\/users\/1"}],"replies":[{"embeddable":true,"href":"https:\/\/www.carrefourdelauto.com\/index.php\/wp-json\/wp\/v2\/comments?post=1578"}],"version-history":[{"count":29,"href":"https:\/\/www.carrefourdelauto.com\/index.php\/wp-json\/wp\/v2\/pages\/1578\/revisions"}],"predecessor-version":[{"id":2195,"href":"https:\/\/www.carrefourdelauto.com\/index.php\/wp-json\/wp\/v2\/pages\/1578\/revisions\/2195"}],"wp:attachment":[{"href":"https:\/\/www.carrefourdelauto.com\/index.php\/wp-json\/wp\/v2\/media?parent=1578"}],"curies":[{"name":"wp","href":"https:\/\/api.w.org\/{rel}","templated":true}]}}